{"id":136,"date":"2020-01-28T13:01:01","date_gmt":"2020-01-28T13:01:01","guid":{"rendered":"http:\/\/www.eplefpa18.fr\/WebRadio\/?page_id=136"},"modified":"2021-03-30T08:55:03","modified_gmt":"2021-03-30T08:55:03","slug":"actus-radiosubdray","status":"publish","type":"page","link":"https:\/\/www.eplefpa18.fr\/WebRadio\/","title":{"rendered":"RadioSubdray"},"content":{"rendered":"\n<h1><strong>RadioSubdray <\/strong>votre Radio du lyc\u00e9e agricole<\/h1>\n\n\n\n<div class=\"wp-block-image\"><figure class=\"aligncenter size-large\"><img loading=\"lazy\" width=\"555\" height=\"262\" src=\"http:\/\/www.eplefpa18.fr\/WebRadio\/wp-content\/uploads\/2021\/03\/image-lazoneSAPAT-montage.png\" alt=\"\" class=\"wp-image-319\" srcset=\"https:\/\/www.eplefpa18.fr\/WebRadio\/wp-content\/uploads\/2021\/03\/image-lazoneSAPAT-montage.png 555w, https:\/\/www.eplefpa18.fr\/WebRadio\/wp-content\/uploads\/2021\/03\/image-lazoneSAPAT-montage-300x142.png 300w\" sizes=\"(max-width: 555px) 100vw, 555px\" \/><\/figure><\/div>\n\n\n\n<p class=\"has-text-align-center has-large-font-size\">La <em><strong>ZONE SAPAT<\/strong><\/em> est une s\u00e9rie d&rsquo;\u00e9missions cr\u00e9es par les \u00e9l\u00e8ves de 1e SAPAT de l&rsquo;ann\u00e9e 2020-2021<\/p>\n\n\n\n<iframe scrolling=\"no\" allow=\"autoplay\" src=\"https:\/\/w.soundcloud.com\/player\/?url=https%3A\/\/api.soundcloud.com\/tracks\/1001417227&amp;color=%23ff5500&amp;auto_play=false&amp;hide_related=false&amp;show_comments=true&amp;show_user=true&amp;show_reposts=false&amp;show_teaser=true&amp;visual=true\" width=\"100%\" height=\"300\" frameborder=\"no\"><\/iframe><div style=\"font-size: 10px; color: #cccccc;line-break: anywhere;word-break: normal;overflow: hidden;white-space: nowrap;text-overflow: ellipsis; font-family: Interstate,Lucida Grande,Lucida Sans Unicode,Lucida Sans,Garuda,Verdana,Tahoma,sans-serif;font-weight: 100;\"><a href=\"https:\/\/soundcloud.com\/user-927335800\" title=\"SubradioII\" target=\"_blank\" style=\"color: #cccccc; text-decoration: none;\" rel=\"noopener noreferrer\">SubradioII<\/a> \u00b7 <a href=\"https:\/\/soundcloud.com\/user-927335800\/la-zone-sapat2021\" title=\"La - ZONE - SAPAT2021\" target=\"_blank\" style=\"color: #cccccc; text-decoration: none;\" rel=\"noopener noreferrer\">La &#8211; ZONE &#8211; SAPAT2021<\/a><\/div>\n\n\n\n<figure class=\"wp-block-table\"><table><tbody><tr><td class=\"has-text-align-center\" data-align=\"center\"><strong>SOMMAIRE<\/strong><\/td><td><\/td><\/tr><tr><td class=\"has-text-align-center\" data-align=\"center\"><strong>0-6&rsquo;30\u00a0\u00bb<\/strong> <\/td><td><strong>Le f\u00e9minisme en 2021<\/strong> par Jeanne et Laura<\/td><\/tr><tr><td class=\"has-text-align-center\" data-align=\"center\"><strong>6&rsquo;30-13&rsquo;00\u00a0\u00bb<\/strong><\/td><td><strong>Re-confinement ?<\/strong> Candice, L\u00e9a Camille et Paola<\/td><\/tr><tr><td class=\"has-text-align-center\" data-align=\"center\"><strong>13&rsquo;003-17&rsquo;00\u00a0\u00bb<\/strong><\/td><td><strong>Diff\u00e9rence entre musulmans et chr\u00e9tiens<\/strong> par Lilou, Ylana et Louann<\/td><\/tr><tr><td class=\"has-text-align-center\" data-align=\"center\"><strong>17&rsquo;00\u00a0\u00bb-25&rsquo;30\u00a0\u00bb<\/strong><\/td><td> <strong>Racisme, la mort de Georges Floyd<\/strong> par Nell, Elo\u00efse et Audrey<\/td><\/tr><tr><td class=\"has-text-align-center\" data-align=\"center\"><strong>25&rsquo;30 &#8211; 31&rsquo;00\u00a0\u00bb<\/strong><\/td><td> <strong>INSTA et nos ados<\/strong> par Auxane, Lisa et Lana<\/td><\/tr><\/tbody><\/table><\/figure>\n\n\n\n<div style=\"height:100px\" aria-hidden=\"true\" class=\"wp-block-spacer\"><\/div>\n\n\n\n<p class=\"has-large-font-size\"><strong>VOUS AVEZ MANQU\u00c9 !!! <\/strong><\/p>\n\n\n\n<p class=\"has-large-font-size\"><strong>EMISSION#1 2020<\/strong><\/p>\n\n\n\n<iframe scrolling=\"no\" allow=\"autoplay\" src=\"https:\/\/w.soundcloud.com\/player\/?url=https%3A\/\/api.soundcloud.com\/tracks\/923263978&amp;color=%23ff5500&amp;auto_play=false&amp;hide_related=false&amp;show_comments=true&amp;show_user=true&amp;show_reposts=false&amp;show_teaser=true&amp;visual=true\" width=\"100%\" height=\"300\" frameborder=\"no\"><\/iframe><div style=\"font-size: 10px; color: #cccccc;line-break: anywhere;word-break: normal;overflow: hidden;white-space: nowrap;text-overflow: ellipsis; font-family: Interstate,Lucida Grande,Lucida Sans Unicode,Lucida Sans,Garuda,Verdana,Tahoma,sans-serif;font-weight: 100;\"><a href=\"https:\/\/soundcloud.com\/user-513649975\" title=\"SubRadio\" target=\"_blank\" style=\"color: #cccccc; text-decoration: none;\" rel=\"noopener noreferrer\">SubRadio<\/a> \u00b7 <a href=\"https:\/\/soundcloud.com\/user-513649975\/emission1-oct2020\" title=\"Emission#1-oct2020-\" target=\"_blank\" style=\"color: #cccccc; text-decoration: none;\" rel=\"noopener noreferrer\">Emission#1-oct2020-<\/a><\/div>\n\n\n\n<div style=\"height:100px\" aria-hidden=\"true\" class=\"wp-block-spacer\"><\/div>\n\n\n\n<p class=\"has-very-light-gray-color has-text-color has-background\" style=\"background-color:#133848\"><strong>NOUVEAUX HORAIRES :<\/strong><\/p>\n\n\n\n<p class=\"has-text-align-center\"><strong>Mardi <\/strong>12h45-13h25<br><strong>Jeudi<\/strong> 12h45-13h25<br><strong><strong>Mercredi <\/strong>Q1 <\/strong>&#8211; 14h-17h &#8211;<\/p>\n\n\n\n<div style=\"height:100px\" aria-hidden=\"true\" class=\"wp-block-spacer\"><\/div>\n\n\n\n<p class=\"has-large-font-size\"><em><strong>\u00ab\u00a0C&rsquo;est quoi un stage territoire ?\u00a0\u00bb<\/strong><\/em><\/p>\n\n\n\n<iframe scrolling=\"no\" allow=\"autoplay\" src=\"https:\/\/w.soundcloud.com\/player\/?url=https%3A\/\/api.soundcloud.com\/tracks\/730757464&amp;color=%23ff5500&amp;auto_play=false&amp;hide_related=false&amp;show_comments=true&amp;show_user=true&amp;show_reposts=false&amp;show_teaser=true&amp;visual=true\" width=\"80%\" height=\"200\" frameborder=\"no\"><\/iframe>\n\n\n\n<div style=\"height:100px\" aria-hidden=\"true\" class=\"wp-block-spacer\"><\/div>\n\n\n\n<p class=\"has-very-light-gray-color has-text-color has-background\" style=\"background-color:#133848\"><strong>PROCHAINES \u00c9MISSIONS<\/strong><\/p>\n\n\n\n<p class=\"has-text-align-center\"><strong>ALORS \u00e7a ! c&rsquo;est une vrai QUESTION !!!!!!<\/strong><\/p>\n","protected":false},"excerpt":{"rendered":"<p>RadioSubdray votre Radio du lyc\u00e9e agricole La ZONE SAPAT est une s\u00e9rie d&rsquo;\u00e9missions cr\u00e9es par les \u00e9l\u00e8ves de 1e SAPAT de l&rsquo;ann\u00e9e 2020-2021 SubradioII \u00b7 La &#8211; ZONE &#8211; SAPAT2021 SOMMAIRE 0-6&rsquo;30\u00a0\u00bb Le f\u00e9minisme en 2021 par Jeanne et Laura 6&rsquo;30-13&rsquo;00\u00a0\u00bb Re-confinement ? Candice, L\u00e9a Camille et Paola 13&rsquo;003-17&rsquo;00\u00a0\u00bb Diff\u00e9rence entre musulmans et chr\u00e9tiens par &hellip; <\/p>\n<p class=\"link-more\"><a href=\"https:\/\/www.eplefpa18.fr\/WebRadio\/\" class=\"more-link\">Continuer la lecture<span class=\"screen-reader-text\"> de &laquo;&nbsp;RadioSubdray&nbsp;&raquo;<\/span><\/a><\/p>\n","protected":false},"author":1,"featured_media":0,"parent":0,"menu_order":0,"comment_status":"closed","ping_status":"closed","template":"","meta":[],"_links":{"self":[{"href":"https:\/\/www.eplefpa18.fr\/WebRadio\/wp-json\/wp\/v2\/pages\/136"}],"collection":[{"href":"https:\/\/www.eplefpa18.fr\/WebRadio\/wp-json\/wp\/v2\/pages"}],"about":[{"href":"https:\/\/www.eplefpa18.fr\/WebRadio\/wp-json\/wp\/v2\/types\/page"}],"author":[{"embeddable":true,"href":"https:\/\/www.eplefpa18.fr\/WebRadio\/wp-json\/wp\/v2\/users\/1"}],"replies":[{"embeddable":true,"href":"https:\/\/www.eplefpa18.fr\/WebRadio\/wp-json\/wp\/v2\/comments?post=136"}],"version-history":[{"count":60,"href":"https:\/\/www.eplefpa18.fr\/WebRadio\/wp-json\/wp\/v2\/pages\/136\/revisions"}],"predecessor-version":[{"id":334,"href":"https:\/\/www.eplefpa18.fr\/WebRadio\/wp-json\/wp\/v2\/pages\/136\/revisions\/334"}],"wp:attachment":[{"href":"https:\/\/www.eplefpa18.fr\/WebRadio\/wp-json\/wp\/v2\/media?parent=136"}],"curies":[{"name":"wp","href":"https:\/\/api.w.org\/{rel}","templated":true}]}}

<h1><strong>RadioSubdray </strong>votre Radio du lycée agricole</h1>



<div class="wp-block-image"><figure class="aligncenter size-large"><img loading="lazy" width="555" height="262" src="http://www.eplefpa18.fr/WebRadio/wp-content/uploads/2021/03/image-lazoneSAPAT-montage.png" alt="" class="wp-image-319" srcset="https://www.eplefpa18.fr/WebRadio/wp-content/uploads/2021/03/image-lazoneSAPAT-montage.png 555w, https://www.eplefpa18.fr/WebRadio/wp-content/uploads/2021/03/image-lazoneSAPAT-montage-300x142.png 300w" sizes="(max-width: 555px) 100vw, 555px" /></figure></div>



<p class="has-text-align-center has-large-font-size">La <em><strong>ZONE SAPAT</strong></em> est une série d&rsquo;émissions crées par les élèves de 1e SAPAT de l&rsquo;année 2020-2021</p>



<iframe scrolling="no" allow="autoplay" src="https://w.soundcloud.com/player/?url=https%3A//api.soundcloud.com/tracks/1001417227&amp;color=%23ff5500&amp;auto_play=false&amp;hide_related=false&amp;show_comments=true&amp;show_user=true&amp;show_reposts=false&amp;show_teaser=true&amp;visual=true" width="100%" height="300" frameborder="no"></iframe><div style="font-size: 10px; color: #cccccc;line-break: anywhere;word-break: normal;overflow: hidden;white-space: nowrap;text-overflow: ellipsis; font-family: Interstate,Lucida Grande,Lucida Sans Unicode,Lucida Sans,Garuda,Verdana,Tahoma,sans-serif;font-weight: 100;"><a href="https://soundcloud.com/user-927335800" title="SubradioII" target="_blank" style="color: #cccccc; text-decoration: none;" rel="noopener noreferrer">SubradioII</a> · <a href="https://soundcloud.com/user-927335800/la-zone-sapat2021" title="La - ZONE - SAPAT2021" target="_blank" style="color: #cccccc; text-decoration: none;" rel="noopener noreferrer">La &#8211; ZONE &#8211; SAPAT2021</a></div>



<figure class="wp-block-table"><table><tbody><tr><td class="has-text-align-center" data-align="center"><strong>SOMMAIRE</strong></td><td></td></tr><tr><td class="has-text-align-center" data-align="center"><strong>0-6&rsquo;30 »</strong> </td><td><strong>Le féminisme en 2021</strong> par Jeanne et Laura</td></tr><tr><td class="has-text-align-center" data-align="center"><strong>6&rsquo;30-13&rsquo;00 »</strong></td><td><strong>Re-confinement ?</strong> Candice, Léa Camille et Paola</td></tr><tr><td class="has-text-align-center" data-align="center"><strong>13&rsquo;003-17&rsquo;00 »</strong></td><td><strong>Différence entre musulmans et chrétiens</strong> par Lilou, Ylana et Louann</td></tr><tr><td class="has-text-align-center" data-align="center"><strong>17&rsquo;00 »-25&rsquo;30 »</strong></td><td> <strong>Racisme, la mort de Georges Floyd</strong> par Nell, Eloïse et Audrey</td></tr><tr><td class="has-text-align-center" data-align="center"><strong>25&rsquo;30 &#8211; 31&rsquo;00 »</strong></td><td> <strong>INSTA et nos ados</strong> par Auxane, Lisa et Lana</td></tr></tbody></table></figure>



<div style="height:100px" aria-hidden="true" class="wp-block-spacer"></div>



<p class="has-large-font-size"><strong>VOUS AVEZ MANQUÉ !!! </strong></p>



<p class="has-large-font-size"><strong>EMISSION#1 2020</strong></p>



<iframe scrolling="no" allow="autoplay" src="https://w.soundcloud.com/player/?url=https%3A//api.soundcloud.com/tracks/923263978&amp;color=%23ff5500&amp;auto_play=false&amp;hide_related=false&amp;show_comments=true&amp;show_user=true&amp;show_reposts=false&amp;show_teaser=true&amp;visual=true" width="100%" height="300" frameborder="no"></iframe><div style="font-size: 10px; color: #cccccc;line-break: anywhere;word-break: normal;overflow: hidden;white-space: nowrap;text-overflow: ellipsis; font-family: Interstate,Lucida Grande,Lucida Sans Unicode,Lucida Sans,Garuda,Verdana,Tahoma,sans-serif;font-weight: 100;"><a href="https://soundcloud.com/user-513649975" title="SubRadio" target="_blank" style="color: #cccccc; text-decoration: none;" rel="noopener noreferrer">SubRadio</a> · <a href="https://soundcloud.com/user-513649975/emission1-oct2020" title="Emission#1-oct2020-" target="_blank" style="color: #cccccc; text-decoration: none;" rel="noopener noreferrer">Emission#1-oct2020-</a></div>



<div style="height:100px" aria-hidden="true" class="wp-block-spacer"></div>



<p class="has-very-light-gray-color has-text-color has-background" style="background-color:#133848"><strong>NOUVEAUX HORAIRES :</strong></p>



<p class="has-text-align-center"><strong>Mardi </strong>12h45-13h25<br><strong>Jeudi</strong> 12h45-13h25<br><strong><strong>Mercredi </strong>Q1 </strong>&#8211; 14h-17h &#8211;</p>



<div style="height:100px" aria-hidden="true" class="wp-block-spacer"></div>



<p class="has-large-font-size"><em><strong>« C&rsquo;est quoi un stage territoire ? »</strong></em></p>



<iframe scrolling="no" allow="autoplay" src="https://w.soundcloud.com/player/?url=https%3A//api.soundcloud.com/tracks/730757464&amp;color=%23ff5500&amp;auto_play=false&amp;hide_related=false&amp;show_comments=true&amp;show_user=true&amp;show_reposts=false&amp;show_teaser=true&amp;visual=true" width="80%" height="200" frameborder="no"></iframe>



<div style="height:100px" aria-hidden="true" class="wp-block-spacer"></div>



<p class="has-very-light-gray-color has-text-color has-background" style="background-color:#133848"><strong>PROCHAINES ÉMISSIONS</strong></p>



<p class="has-text-align-center"><strong>ALORS ça ! c&rsquo;est une vrai QUESTION !!!!!!</strong></p>

<p>RadioSubdray votre Radio du lycée agricole La ZONE SAPAT est une série d&rsquo;émissions crées par les élèves de 1e SAPAT de l&rsquo;année 2020-2021 SubradioII · La &#8211; ZONE &#8211; SAPAT2021 SOMMAIRE 0-6&rsquo;30 » Le féminisme en 2021 par Jeanne et Laura 6&rsquo;30-13&rsquo;00 » Re-confinement ? Candice, Léa Camille et Paola 13&rsquo;003-17&rsquo;00 » Différence entre musulmans et chrétiens par &hellip; </p>
<p class="link-more"><a href="https://www.eplefpa18.fr/WebRadio/" class="more-link">Continuer la lecture<span class="screen-reader-text"> de &laquo;&nbsp;RadioSubdray&nbsp;&raquo;</span></a></p>
